{"id":41,"date":"2020-06-05T11:44:48","date_gmt":"2020-06-05T09:44:48","guid":{"rendered":"http:\/\/ad-cor.fr\/?page_id=41"},"modified":"2020-06-05T13:26:55","modified_gmt":"2020-06-05T11:26:55","slug":"les-we-principe-deducation","status":"publish","type":"page","link":"https:\/\/ad-cor.fr\/?page_id=41","title":{"rendered":"WE \u00ab\u00a0Principes d&rsquo;\u00e9ducation\u00a0\u00bb"},"content":{"rendered":"\n<p>Nous sommes tous pr\u00e9par\u00e9s \u00e0 recevoir le Sacrement du mariage, mais rares sont ceux qui ont re\u00e7u une pr\u00e9paration \u00e0 \u00eatre parents ! Les WE \u00ab\u00a0Principes d&rsquo;\u00e9ducation\u00a0\u00bb vous donnent les bases de l&rsquo;\u00e9ducation. Il ne s&rsquo;agit pas d&rsquo;assimiler un mod\u00e8le \u00e0 appliquer chez soi comme une recette de cuisine. Il s&rsquo;agit de comprendre les m\u00e9canismes de la vie, de la transmission de nos valeurs et de notre foi et d&rsquo;apprendre \u00e0 les ajuster \u00e0 chacun des membres de notre famille. Transformer les mod\u00e8les en exemples pour b\u00e2tir nos propres principes d&rsquo;\u00e9ducation.<\/p>\n","protected":false},"excerpt":{"rendered":"<p>Nous sommes tous pr\u00e9par\u00e9s \u00e0 recevoir le Sacrement du mariage, mais rares sont ceux qui ont re\u00e7u une pr\u00e9paration \u00e0 \u00eatre parents ! Les WE \u00ab\u00a0Principes d&rsquo;\u00e9ducation\u00a0\u00bb vous donnent les bases de l&rsquo;\u00e9ducation. Il ne s&rsquo;agit pas d&rsquo;assimiler un mod\u00e8le \u00e0 appliquer chez soi comme une recette de cuisine. Il s&rsquo;agit de comprendre les m\u00e9canismes [&hellip;]<\/p>\n","protected":false},"author":1,"featured_media":0,"parent":0,"menu_order":0,"comment_status":"closed","ping_status":"closed","template":"","meta":{"footnotes":""},"class_list":["post-41","page","type-page","status-publish","hentry"],"_links":{"self":[{"href":"https:\/\/ad-cor.fr\/index.php?rest_route=\/wp\/v2\/pages\/41","targetHints":{"allow":["GET"]}}],"collection":[{"href":"https:\/\/ad-cor.fr\/index.php?rest_route=\/wp\/v2\/pages"}],"about":[{"href":"https:\/\/ad-cor.fr\/index.php?rest_route=\/wp\/v2\/types\/page"}],"author":[{"embeddable":true,"href":"https:\/\/ad-cor.fr\/index.php?rest_route=\/wp\/v2\/users\/1"}],"replies":[{"embeddable":true,"href":"https:\/\/ad-cor.fr\/index.php?rest_route=%2Fwp%2Fv2%2Fcomments&post=41"}],"version-history":[{"count":2,"href":"https:\/\/ad-cor.fr\/index.php?rest_route=\/wp\/v2\/pages\/41\/revisions"}],"predecessor-version":[{"id":82,"href":"https:\/\/ad-cor.fr\/index.php?rest_route=\/wp\/v2\/pages\/41\/revisions\/82"}],"wp:attachment":[{"href":"https:\/\/ad-cor.fr\/index.php?rest_route=%2Fwp%2Fv2%2Fmedia&parent=41"}],"curies":[{"name":"wp","href":"https:\/\/api.w.org\/{rel}","templated":true}]}}